).
3
Calculate 4 - ((-4 - -10) + 5) - -7.
0
Calculate -9 + 0 + (13 - 4 - 2) + 6.
4
Calculate -2 - -2 - (282 - 264).
-18
Calculate 1 + -12 - -17 - (15 - (2 - 2)).
-9
0 + -11 - (4 + (-29 - -18))
-4
Evaluate -16 + 1 + 1 + (-1 - -1).
-14
What is -20 + (65 - 51) + 1 + (12 - -1)?
8
Evaluate (21 + 19 - 23) + -11.
6
What is the value of -7 - -14 - (-5 - -4) - 4?
4
What is (24 - -45) + -26 - 24?
19
11 + 5 - (-7 + 14)
9
14 + -1 - (81 + -84)
16
Evaluate (-8 + -4 - -28 - 2) + -2.
12
What is the value of 769 - 780 - ((-1 - -1) + 0)?
-11
-2 + -1 + (-5 - -6 - 16 - -12)
-6
What is -11 + (2 - 7) + -100 + 110?
-6
0 + 13 - (0 + 4) - 19
-10
What is -8 + 20 + (6 - (16 - 10))?
12
Evaluate (-26 - 0) + -15 + 29.
-12
What is (-1 + (0 - -19) - (1470 + -1463)) + 5?
16
Evaluate -143 + 140 + (-1 - 3) + 28.
21
Calculate 1 + (-35 - 16 - -33).
-17
Evaluate -2 + (1 + -8 - (8 + -19)) + 9.
11
Evaluate -11 + -7 + 21 - (12 + -1).
-8
What is the value of 25 + -8 + -66 + 8 + 13?
-28
5 - (-2 - (2 - 0) - -10)
-1
5 - -10 - ((5 - 10) + 14)
6
What is the value of (-10 - -1 - -2) + -47 + 51 + 11?
8
What is -8 + (7 - 7 - (-7 - 1))?
0
Evaluate (-50 - -60) + (2 - 2) + -1.
9
What is -8 - -22 - (3 - (-4 + 2 - -3))?
12
Evaluate (25 - 5) + (-5 - 1) + -2.
12
Calculate 38 + -1 + -4 - 28.
5
Evaluate -18 - -3 - -19 - (-11 - -2).
13
Calculate -18 + 2 + (2 + 2 - 6).
-18
What is the value of (-5 - 0) + (-4 - (7 - 14)) + -6?
-8
What is (78 - 64) + 24 - (5 - 1)?
34
(5 - (10 + -1)) + (29 - 20) - -12
17
-1 + -6 + 2 - ((9 - 5) + -1)
-8
Evaluate (-43 - (-60 - -34)) + 27.
10
(305 - 290) + (-1 - 8)
6
What is -1 + -2 - (18 + -7 - 29)?
15
Calculate -4 - (-22 - -18 - -18) - -3.
-15
4 + 2 + 22 + (-8 - 4)
16
What is the value of -10 + (10 - 5) + 3 + -13?
-15
-13 - ((16 - -1) + -32) - (1 - 19)
20
Calculate -17 + -5 + 9 + (-1 - -8).
-6
5 + -12 + 34 + (-18 - -3)
12
Calculate 2 - (3 + -2 + 9) - (-23 - -28).
-13
What is the value of 0 + 7 + (-46 - -47) - 1?
7
-2 + -13 + (15 - (-6 - (12 - 34)))
-16
What is the value of -3 - (4 - 15 - -7) - -7?
8
What is the value of -2 - (-1 - -9 - 2 - (-90 - -109))?
11
Evaluate 2 + -1 - -8 - (-178 - -188).
-1
Calculate (154 - 119) + (-14 - 0) + 3 + 0.
24
What is 3 + (2 + (3 - -4) - (99 - 95))?
8
What is 8 - (8 + (-7 - -5) + -5 + -2)?
9
What is -7 + 5 + -1 + 5 - (-3 + 0)?
5
Evaluate -9 - (29 + (35 - 69) - (25 + -1)).
20
Evaluate -9 - 2 - ((2 - 2) + 2 - 4).
-9
Evaluate (19 + -14 - 15 - 17) + 0 + 7.
-20
What is the value of -33 - (-34 + -38) - (0 - -6)?
33
Evaluate -20 - (-20 - (-22 + 6)).
-16
What is the value of -1 + (2 - -4) + 1 + 6 + -5?
7
Calculate -8 + 0 + 3 + -8 - -6.
-7
Evaluate (18 + 3 + -9 - 1) + (1 - 4).
8
What is the value of (12 - (-6 - 2)) + -12?
8
What is the value of 9 - ((10 - -1) + 12 + -15)?
1
What is the value of (-17 + 7 - -12) + 9 + -5?
6
What is (-4 - -8) + 3 + 11 - (-1 + 5)?
14
(9 + -23 - -13) + 10 + 1
10
What is the value of 2 + -4 - (-57 + 62 + 1 + -2)?
-6
What is -4 + (-2 - (0 - (6 - 10)))?
-10
Evaluate 22 - (38 - 24 - -15).
-7
What is the value of 0 - (-1 - 1 - (-15 - (-10 + 0)))?
-3
What is the value of (-6 - ((8 - -6) + -6 + -11)) + -6?
-9
Calculate -2 + -4 + -14 + (-3 - 1).
-24
Calculate 20 + -3 + -10 + -2.
5
Evaluate (-46 - -25) + 29 + 2 + -6 + -1.
3
What is the value of 6 + -11 + 1 + 2 + 20 + -10?
8
Evaluate 4 - (0 - -2) - (-513 + 523).
-8
Evaluate -24 - (-5 + -6 + 0 - (-23 - -21)).
-15
Evaluate 0 + 2 + -4 + (-12 - -15).
1
1 - (-10 + 10) - (1 + 1) - 1
-2
Calculate -14 + 13 + -7 - ((1 - 1) + -26).
18
What is -38 + 30 + -7 + 2?
-13
Calculate -74 - (-88 + 14) - (0 + 18).
-18
(6 - 1) + (-76 - (38 + -93))
-16
Calculate 17 - -4 - (9 + (8 - 17)).
21
What is -38 + 69 - 34 - -3?
0
Calculate -38 - -45 - (1 + -2 + 6).
2
-22 + 30 + 42 - 30
20
Calculate (-16 - (5 - 10)) + 6 + 0.
-5
What is the value of 0 + (-16 - -21) - (1 - 6)?
10
(-27 - -35) + 6 + -9
5
What is -27 - (24 - 2 - 55)?
6
Evaluate 5 - 2 - (28 + -35 + (-6 - -1)).
15
What is 6 + (-11 - -12) + -6?
1
Evaluate (1 - -2) + (-1 - 16) + (-42 - -50).
-6
1 - -4 - (182 - 164 - (-2 + 37))
22
What is the value of -23 - (-23 + 59 + -29 + (-10 - 1))?
-19
Evaluate 1 - (-3 - 0) - (-726 + 731).
-1
What is the value of 3 - -3 - (-9 + 17 - (-1 + 6))?
3
Evaluate -20 + (4 - 6) + (-10 - (22 + -39)).
-15
Calculate -14 - (9 - 23 - (11 - 26)).
-15
What is the value of 0 + -13 + -33 + (68 - 35)?
-13
What is 3 + -1 + (18 - (8 + 5))?
7
Calculate (3 + -3 - -8) + -8 + 19.
19
(2 + -11 - 3) + (-21 - -25) - -24
16
Calculate -5 - 1 - 4 - (6 + -4).
-12
Evaluate -11 - -42 - (-54 + 97).
-12
What is -6 + (-38 - -6 - (-27 + 21))?
-32
What is -2 - (-31 + (-1 - -17))?
13
What is the value of -1 + 9 + 3 - 27?
-16
Calculate 15 + -6 + -15 + 16.
10
Evaluate -12 - (-5 + (-9 - 4 - -6)).
0
What is (-20 - (-8 - -8)) + 22?
2
What is -2 + (-3 - 3 - 1) + 3 + 4?
-2
Evaluate -2 + (-3 - 15) + 8.
-12
Evaluate 17 + -5 + (0 - -6) + -9.
9
(0 + -2 - -9) + (168 - 156)
19
What is 13 + -18 + 1 + -2 + 3 + 5?
2
Calculate 7 + (-23 + 5 - -6 - (-5 + 1)).
-1
What is (-5 + (6 - 2) - 6) + -2 + 25?
16
Evaluate -13 - (6 - (1 + -6 + 13)).
-11
Evaluate -89 + 88 + (-2 - -3) - -3.
3
Calculate 1 + -8 - (550 + -554) - 5.
-8
Evaluate -1 + 39 + (8 - 48).
-2
Calculate 1 + 1 - (-5 + 9 + -2 - -11).
-11
Calculate 0 - (-1 + (-4 - 23)).
28
Evaluate (-2 - 6 - -9) + -4.
-3
What is (1 + -6 + 6 - -8) + -8?
1
What is (41 - 42) + -12 + 5?
-8
What is the value of (-5 - 0) + (39 - 67 - -45)?
12
27 + -10 - 6 - 16
-5
What is the value of -469 + 498 - (0 - -36)?
-7
Calculate 3 + (-1 - -2) + -12 + -1 + 1.
-8
Evaluate -11 + -1 - (-1 - (22 + -1)).
10
What is the value of 59 + -69 + (-1 - 1) + 9?
-3
Calculate -20 + (5 - -11) + (-5 - 2).
-11
-8 - 3 - -22 - 9
2
15 + -16 - (1 - -5)
-7
What is the value of 0 + 3 + -2 + -100 + 114?
15
15 + -15 + (-2 - (-7 + 15 - 19))
9
Calculate 2 - 10 - (-12 - 14 - 9).
27
What is the value of -3 - (-4 + 2 - 2) - (4 - -1)?
-4
Evaluate (3 - -14) + (-9 - (-21 + 14)).
15
-4 + -15 - (-8 + 30 + -21)
-20
Evaluate 9 - -4 - (-18 - (-37 - -11)).
5
53 + (-11 - 56) + 38
24
-7 - (((-8 - -2) + 6 - 11) + -8)
12
Calculate (27 - 38) + (-7 - (4 + -5)).
-17
Calculate 3 - (-1 + -7 + 2).
9
Evaluate 1 + (19 - (34 - 0)).
-14
Evaluate (-27 - -8) + (-41 - -82).
22
Calculate (-2 - 2) + -43 + 37.
-10
Calculate -45 + 44 + 3 + -1 + -8.
-7
5 + 12 + (-9 - 13)
-5
Evaluate 8 + (0 - -1) + (-36 - -36).
9
Calculate -8 + 24 + -9 + -11.
-4
21 + (1 - 19) + (3 - -3)
9
Evaluate -5 - (8 + -3 + (-1 - 2)).
-7
What is the value of -13 + 10 - -18 - 22?
-7
(-4 + -25 - -46) + -29
-12
50 + -75 + 25 - (-1 - 19)
20
10 + (-15 - (-5 - -1))
-1
What is -43 - (7 + -45) - (-1 + -6)?
2
Evaluate -6 - ((2 - (-3 - -1)) + -8 - 1).
-1
-6 - -28 - (12 - 5) - 11
4
What is the value of -32 + -24 + 25 + 30?
-1
Evaluate 15 - 21 - -19 - 16.
-3
What is -97 + 73 - (4 - 8)?
-20
Calculate 2 - (2 - -10) - (-88 + 62 + 13).
3
Calculate -8 + 4 + (5 - -6).
7
Evaluate -2 + 1 - 6 - (9 + -11 + -24).
19
What is the value of -83 + 91 + (-19 - (1 + -3)) + -11?
-20
Evaluate 14 + -19 + 41 + -15.
21
What is the value of 1 - (10 + 1 - (8 - 9))?
-11
16 - (37 + -25 + 19)
-15
What is the value of -1155 - -1134 - (1 + 6)?
-28
Calculate -13 + (-17 - (-16 + 0)).
-14
What is -11 + -2 + 0 + (-17 - -9 - -14)?
-7
Evaluate (-26 - (-1 - -2) - 3) + 789 + -782.
-23
What is 14 + (-23 - (6 + -1)) + -11?
-25
What is (69 - (-70 - -130)) + -1 + 29?
37
What is 0 - (10 + (0 - 2) + -5)?
-3
Calculate -22 + -13 + -2 + 49 + (-9 - 1).
2
Evaluate -26 + 4 + -10 + -3.
-35
27 - 34 - (3 - (5 - -1))
-4
What is (8 - (2 - -9)) + (-3 - -4) + 3?
1
Evaluate -15 + (-4 - 2) - -5.
-16
15 + -12 - (5 - (4 - -6))
8
Evaluate -6 - (1 - 10 - (13 + -15 + 5)).
6
What is the value of 17 + -7 + (0 - -4)?
14
-2 + (3 - 20) - (-3 - 6)
-10
What is -3 + ((5 - (-3 - -7)) + -4 - -18)?
12
What is the value of 1 - (-6 - (-11 - -3) - 11)?
10
Evaluate -7 + 16 + -11 + 14.
12
What is the value of (3 - (6 - 15)) + -12 + (6 - 0)?
6
(-22 - -8) + 15 + -3 + 3 + -2
-1
What is -3 + (-1 - (-2 + -1)) + (52 - 47)?
4
What is (-30 - -18 - 3) + 3 + -2?
-14
Evaluate -10 + -1 + 25 + (-27 - (24 + -62)).
25
10 + (5 - -18) + -5
28
Calculate 91 - 96 - (3 - -4).
-12
(3 - (-18 + 15)) + 15
21
What is -21 - (6 + -16) - (2 + -3)?
-10
What is 2 + -4 + 10 + -9 + 5 + -7?
-3
7 + (10 - 9) + -6
2
Evaluate (-4 - -1) + -7 + -92 + 27 + 69.
-6
What is -14 